4. What is the hundreds digit of j(-5)?
8
Let d be ((-6)/(-4) + -1)*6. Let p(n) = 2*n - 2. Let k be p(2). Suppose d*l + k*l = 40. What is the units digit of l?
8
Let y(d) = 2*d - 38. Let c be y(19). Suppose -4*l + 4 + 4 = 3*j, 3*j = 4*l - 8. Suppose 54 = -c*n + l*n. What is the units digit of n?
7
Let z(q) = q**2 - 3*q + 9*q**2 - 4*q**2 - 9 + q**3 + 4*q. What is the tens digit of z(-4)?
1
Let c(t) = -t**3 + 10*t**2 + t - 1. Let z be 4 - -2 - 6/2. Suppose -2*h + 4*f = -6 - 6, -3*f = -z*h + 24. What is the units digit of c(h)?
9
Let m(w) = w**2 - 9*w + 8. Let q be m(8). Suppose q = 2*o - 2*r + 16, 3*r + 26 = -2*o - 0*r. What is the units digit of (2/(-5))/(2/o)?
2
Suppose 2*r + 6 = -4. What is the units digit of (-18)/(-3)*(3 - r)?
8
Let k = 29 + -22. What is the hundreds digit of k/21 + 772/6?
1
Suppose 10 = s - 38. What is the units digit of 2 + (-1)/((-3)/s)?
8
Let f = -68 + 31. Let b = f + 88. What is the tens digit of b?
5
Let i(v) = -v**2 - 26*v - 113. What is the units digit of i(-20)?
7
Let g(i) = -583*i - 128. What is the hundreds digit of g(-2)?
0
Suppose -854 = 5*a - 329. Let z = a + 305. What is the tens digit of z?
0
Let s = 447 + -49. What is the hundreds digit of s?
3
Suppose n + 4*l - 6*l - 115 = 0, -2*n + 236 = -l. Let i be (n/21)/((-3)/(-9)). Suppose -3*a + i = -2*a. What is the units digit of a?
7
Let r(k) = 6*k**2 + 10*k + 168. What is the hundreds digit of r(-14)?
2
Suppose 5*r - 5*u - 3740 = -705, 0 = 4*r + u - 2413. Suppose 3*w - 2*k - r = 0, w - 3*k = -0*k + 199. What is the tens digit of w?
0
What is the thousands digit of 390*(10/(-45))/((-1)/18)?
1
Let u = -2 + 2. Let z = 2 - u. What is the units digit of (z/(-5))/(2/(-40))?
8
Let f(t) be the first derivative of -t**4/4 + 4*t**3 + 2*t**2 + 12*t + 3. What is the hundreds digit of f(11)?
1
Let v(r) = 4*r + 19. Let t(c) = -1 - c + 0*c + 0*c. Let g(j) = 5*t(j) + v(j). What is the tens digit of g(-11)?
2
Suppose -29*n + 1325 = -3605. What is the hundreds digit of n?
1
Suppose 4*i + 259 = -417. Let w = i + 289. What is the units digit of w?
0
What is the units digit of 6628/12 + 2/3?
3
Let g(n) = 2*n**2 + 14*n - 85. What is the tens digit of g(39)?
0
Let m(n) = 55*n**3 + 2*n**2 - 1. Let v be m(-1). Suppose 0 = 10*t - 8*t + 42. Let f = t - v. What is the units digit of f?
3
Suppose 0 = -1155*s + 1154*s + 1037. What is the units digit of s?
7
Let i(o) = o + 3*o + 15*o**2 + 28*o**2 - 1. What is the tens digit of i(1)?
4
Suppose -x + 2771 - 722 = 5*t, 5*t + 10 = 0. What is the thousands digit of x?
2
Suppose 83187 = 18*q + 3177. What is the units digit of q?
5
Let d = 41 - 36. Suppose 3*g = -d*g + 112. What is the units digit of g?
4
Let o = -635 + 1040. What is the units digit of o?
5
Let z(t) = 154*t - 300. What is the units digit of z(26)?
4
Suppose -5*g = -72 - 3. What is the units digit of (-5)/g - 308/(-6)?
1
Let l(h) = -h**2 + 14*h + 7. Let a be l(14). Let b(r) = r**3 - 8*r**2 + 7*r + 2. Let p be b(a). Suppose -10 = -p*y + 16. What is the tens digit of y?
1
Suppose 0 = -3*j + c - 5*c - 7, -5*c = 3*j + 2. Let x(i) = -i**3 - 7*i**2 + 4*i - 17. What is the tens digit of x(j)?
0
Let s(z) = -z**3 - 6*z**2 - 3*z. Let o be s(-3). Let u = o - -27. What is the units digit of u?
9
Let k(m) = -59*m**2 + 117*m**2 - 51*m**2. What is the tens digit of k(3)?
6
Let n = -7 - -3. Let v be ((-20)/30)/(n/18). What is the tens digit of 3/v - (-2 + -18)?
2
Let w be 0 + (2 - 3)*-580. What is the tens digit of (-1 - (-3)/15)*w/(-8)?
5
Suppose 4*p = 3*j + 1675, 4*p + 2*j = -j + 1645. What is the tens digit of p?
1
What is the units digit of (0 - -2)*(8 + 3 + 1304)?
0
Let f(g) be the third derivative of g**5/60 + 7*g**4/24 - 8*g**3/3 + 5*g**2. What is the units digit of f(5)?
4
What is the thousands digit of (-3)/6 + 70868/56?
1
Let z = 631 - 146. What is the hundreds digit of z?
4
Suppose -26*n = -27*n + 23. What is the tens digit of n?
2
Suppose -2*o = -o - 3, -3*d = -4*o + 87. What is the units digit of (-1315)/d + 3/(-5)?
2
Let a = 7 + 75. Let u(v) = -13*v - 2. Let s be u(-3). Let r = a - s. What is the tens digit of r?
4
Let n(v) = 5*v**2 + 7*v - 6. Suppose 2*h = b - 8, 3*h - 3*b = 5*h + 24. What is the units digit of n(h)?
2
Suppose -f + d + 335 = 3*d, -329 = -f + 4*d. What is the units digit of f?
3
Let s(d) = -3*d**3 - 15*d**2 + 5*d + 5. What is the units digit of s(-12)?
9
Let w(n) be the second derivative of 13/6*n**3 + 0 + 3*n - 3/2*n**2. What is the units digit of w(2)?
3
Let g(u) = -u**2 - 11*u - 10. Let m be g(-10). Let i(l) = -l + 3. Let d be i(m). Suppose n = -j + 58, -d*j = 4*n + 85 - 317. What is the tens digit of n?
5
Suppose -2288 + 124 = -2*t. What is the tens digit of t?
8
Let z(t) = 28*t**2 - t - 24. Let r be z(-5). Suppose 2091 = 12*y - r. What is the hundreds digit of y?
2
Let z be 1/(-2 + 5)*0. Suppose z = 12*c - 3*c - 1557. What is the hundreds digit of c?
1
Let t(v) = -v**2. Let m be t(1). Suppose 18 = -3*g + 4*g. What is the units digit of 1/(g/15 + m)?
5
Suppose -3*d + 606 = -120. Let p = 377 - d. What is the units digit of p?
5
Let d be ((-24)/9)/(4/(-18)). Let r = 14 - d. What is the units digit of r?
2
Let f be ((-4)/(-16))/((-2)/(-24)). Let w be ((0 - f) + 13)/2. Suppose d = 5*s - 0*d - 228, 3*s + w*d - 120 = 0. What is the units digit of s?
5
Let f(z) = -22*z + 3. Let n(q) = 285*q - 39. Let k(a) = 27*f(a) + 2*n(a). What is the units digit of k(-4)?
9
Let a(u) = 2*u**2 - u + 1. Let i be a(2). Let q be -5*(i/5 - 2). Suppose 0*j = -q*j + 84. What is the units digit of j?
8
Let f = -14 + -6. Let k = f - -20. Suppose w = -4*w - 2*p + 340, k = -4*p. What is the units digit of w?
8
Suppose -7*c = -6*c - 24. Let g = 58 - c. What is the tens digit of g?
3
Suppose 0 = x + 2*j - 28, 0 = -0*x + x + 5*j - 25. Suppose u + 4*i = 15, 0*u = 4*u + i - x. What is the units digit of (-21)/6*(-4)/u?
2
Suppose 3*g = -x + 926, -x + 0*x + 5 = 0. What is the tens digit of g?
0
Let f = 43 + -14. Let q = 36 + f. Let p = -37 + q. What is the tens digit of p?
2
Suppose -1142 = -4*n - 2*w, 11*n - 2*w = 10*n + 283. What is the units digit of n?
5
Suppose -5*y = 25, -2*z + y - 1 = 84. Let u be z/(-2)*64/20. What is the units digit of (-2)/(-5) + u/20?
4
Suppose 2*c = 7 - 1. Let h(z) = 22*z**3 - 5*z**2 - 5*z - 4. Let p(t) = 21*t**3 - 6*t**2 - 6*t - 5. Let n(k) = c*p(k) - 4*h(k). What is the tens digit of n(-1)?
2
Suppose 4*g - 151 = 129. Let x = g + 32. What is the tens digit of x?
0
Let r(h) = h**3 + h**2 - h + 4. Let j be r(0). Suppose 2*b = -j, 0*x + b = x - 65. Suppose 2*a + 3*s - 42 = 0, 3*a = -s - 4*s + x. What is the tens digit of a?
2
Suppose 0 = m - 5 + 3. Suppose 4*b = 5*b - 138. Suppose m*s - 7*s + 3*k + b = 0, -2*k - 2 = 0. What is the tens digit of s?
2
Let o be ((-4)/(-16))/(1/8). Suppose o*j + 4*g = -0*g + 80, -4*j - g = -153. What is the units digit of j?
8
Let y be ((-3)/12)/((-6)/(-8))*3. Let z(f) = -169*f + 6. What is the tens digit of z(y)?
7
What is the hundreds digit of 137 + 81/36*4?
1
Let z = -36 + 24. Let g be (144/(-15))/(z/40). What is the units digit of 8/g + 75/4?
9
Suppose 2*a = -4*s + 4, -2*s + 10 = 4*a + a. Let q(k) = -3*k + 12. What is the tens digit of q(s)?
1
Let w = 15 - 18. Let o = 13 - w. Let t = 25 + o. What is the tens digit of t?
4
Suppose 0 = 4*j + 2*m, 5*m - 4 = -4*j + 4*m. Let r be 3 - 44/j - -2. Let x = r + 24. What is the units digit of x?
7
Suppose 3*s + 20 = -s, -5*l + 2*s = -15. Let v be (l + 39/(-2))*-2. Let b = -13 + v. What is the tens digit of b?
2
Let s(y) = -y**3 - 20*y**2 - 19*y - 24. Let t be s(-19). Suppose -x = 35 + 7. Let m = t - x. What is the units digit of m?
8
Let w be 1/5 - 27240/75. Let f = w - -509. What is the hundreds digit of f?
1
Let b(h) = h**3 + h**2. Let z(t) = -t**3 + 7*t**2 + 5*t + 9. Let p(s) = 2*b(s) + z(s). What is the units digit of p(-5)?
4
Suppose 0 = -j + 3. Suppose 152 = j*p + 44. What is the units digit of 27/p*1*12?
9
Let i(a) = -a**3 - a**2 - a. Let r(o) = 5*o**3 + 16*o**2 + 7*o + 1. Let y(s) = -4*i(s) - r(s). What is the units digit of y(-12)?
5
Suppose -5*g - 5*w + 2 = -8, g = -3*w. Suppose -9 = -4*b + 7, -s - 2*b = -7. What is the units digit of (-56)/21*s*g?
8
Let p = 21 + -35. Let q be p/(-4) - 2/(-4). Suppose -74 = -q*k + 42. What is the tens digit of k?
2
Let k = 6 - 14. Let t = k + 30. Let s = t -